 0)
-26
What is the value of -1 + 3 + -20 - (-11 + (-23 - -30))?
-14
Calculate (6 + 41 - -1) + (-12 - 0).
36
What is the value of 11 - (-6 + (11 - 8) + 5)?
9
Evaluate -6 + -3 - (-5 - -2 - 31) - 3.
22
16 + -21 + 2 + 17
14
What is the value of 26 - (11 + -1 - (-69 + 78))?
25
What is 27 + 7 - (33 + -7)?
8
Evaluate -8 - (8 + -1 + 1 + -8).
-8
What is -496 + 497 + 2 + -24?
-21
1 + -19 - (-120 - -110)
-8
Evaluate -14 - (1 + (-11 - -4)).
-8
Calculate 6 + (2 - 17) + 47.
38
-33 + -5 + (-5 - -20)
-23
What is -6 + 7 + -5 - (38 - 35)?
-7
What is -1 - (6 + (-3 - -8))?
-12
-81 + 78 - (1 + 11)
-15
What is the value of (-1 - -10) + 2 + -9 - (0 + 7)?
-5
Calculate -17 - -10 - -39 - 29.
3
What is the value of (5 + 4 - 8) + (-4 - 1) + 3?
-1
Evaluate 25 - (2 + 1 + 7 + 0).
15
What is the value of -62 + 68 - (1 + 6)?
-1
Calculate -2 + (-3 - -17) + (18 - -3 - 5).
28
What is 4 + -9 + 1 + 1?
-3
What is -9 + 15 + 7 + -1 + -20?
-8
-1 + -9 + -3 + -2 + 1
-14
Evaluate -6 - (-7 - 12) - 16.
-3
What is the value of 14 + (-15 - (8 + -35)) + -3?
23
Evaluate (-4 - 1) + 471 + -468.
-2
What is the value of 0 + 4 + (-526 - -520)?
-2
-31 + (63 - 42) - 6
-16
Calculate -17 - -2 - -2 - (1829 + -1866).
24
What is 7 + 1 + -8 - (3 + -12)?
9
Evaluate (-23 - -5) + (75 - 62).
-5
What is the value of 12 - (1 + -8 - -15) - 21?
-17
Evaluate 7 + -11 + -15 - 0.
-19
Evaluate -6 + (7 - 4) - (-12 - 6).
15
3 + (-8 - 28) + (-1 - (-10 - 0))
-24
What is 30 + (5 - 20) + -17?
-2
Evaluate -12 - (-10 - 0 - (-49 - -57)).
6
Calculate 1 + 12 + (289 - 301 - (-14 + 0)).
15
Evaluate 15 + -11 - -18 - 4.
18
13 - (-23 + 8 + 4 - -11)
13
Calculate -117 + 121 - (2 + -2 + -19).
23
2 - 6 - 1 - (-156 + 151) - -10
10
What is the value of -1 + (-6 - 32 - -24)?
-15
19 + -42 + 10 + 18
5
Calculate (-265 - -253) + (-1 - -2).
-11
-1 + -17 + -38 + 40
-16
-33 + (19 - 5) - -28
9
Calculate (4 - (11 - 42)) + -37.
-2
What is the value of -76 + 46 + -22 - -16?
-36
-2 + 1 + 15 + -17 + -3
-6
Calculate (3 + -10 - -17) + 13.
23
Evaluate -4 - (-7 + (-3 - -1) + (-81 - -109)).
-23
(-1 - -4 - 2) + 22 + -15 + 4
12
What is the value of -4 + (17 - 12) + 5?
6
Calculate (2 - 2 - (0 + -9)) + -50 + 49.
8
Evaluate -334 + 335 - (1 + (17 + -2 - 3)).
-12
Calculate 3 + 2 + 36 + -50.
-9
Calculate 13 - (-1 + 3) - (-13 + 2 + 14).
8
What is (-4 - (4 + -6 - 0)) + 1 + 2?
1
Evaluate -3 - (13 + (-24 - (-13 - -4))).
-1
What is 35 + 32 + -21 + -31?
15
What is 33 + (-27 - (15 - 21))?
12
What is 3 + -13 + 4 + 2 + 16 + 1?
13
Evaluate -48 + 24 + 14 + -11.
-21
Evaluate 0 + -3 + (97 - (74 - -7)).
13
What is the value of 397 + -417 + 40 + -1?
19
Calculate -33 + ((17 - 20) + 12 - (1 - -1)).
-26
What is (-3 - -21 - 24) + 19?
13
Calculate 3 + -14 + (28 + 36 - 39).
14
Evaluate (3 - (3 + 0)) + 12 - 21.
-9
What is the value of 5 + (2 - (3 + 6)) + -11 + 9?
-4
9 + 3 + (-14 - -7)
5
Calculate -10 + -2 + 15 + (-6 - 5).
-8
-8 - (10 + -26) - 7
1
Evaluate -3 - (11 - (-4 + 11 + 3 + -7)).
-11
Evaluate -3 + -8 + -13 + 17.
-7
Calculate 5 - 4 - 0 - (-2 - (17 - 3)).
17
What is 20 - (15 - (-3 + 12) - 6)?
20
Calculate -6 - (20 - 18 - -10).
-18
Evaluate 4 - (-16 - -6 - 2).
16
Evaluate (12 + -39 - -23) + (12 - -1).
9
What is the value of ((7 - 18) + 16 - 16) + -8?
-19
Evaluate -2 - 10 - -11 - -3 - (-9 + 1).
10
What is the value of -19 + 9 + 12 - (-10 - 6)?
18
What is -20 + (22 - 25) + 13?
-10
-33 + 12 + -7 - -9 - -9
-10
Evaluate -14 + 1 + 4 + 13 + -4.
0
What is -13 + (-18 - 6) + 62?
25
What is the value of (-3 - -3 - -3 - 14) + 98 + -94?
-7
What is 8 - (-5 - -15) - (1 - (1 - 0))?
-2
Calculate 0 - -1 - (-106 - -101).
6
Calculate (-2 - -1) + (-13 - -8) + (37 - 43).
-12
-1 + (-3 - 0) + -11 + (1 - 9)
-23
What is (10 + -6 + 5 - 0) + (8 - 1)?
16
What is the value of 16 + -6 + 3 + -7 + 3 + -3?
6
Evaluate 1 + -14 - (653 - 661).
-5
What is the value of 2 + (-4 - -12) - (12 + -5 - 3)?
6
Calculate -4 - 0 - -5 - (-19 - -10).
10
What is -3 - 61 - -32 - (2 - (2 - 0))?
-32
Evaluate 19 + (-46 - -31) - 5.
-1
20 - (-9 + (13 - 2) + -6)
24
What is (260 - 289) + 2 + 22?
-5
Evaluate 7 + -10 + 5 - (-13 + 2 - 1).
14
-12 + 14 - (-8 - -17 - (1 + -3))
-9
-4 - -3 - (-5 + -1 + 6)
-1
5 + (1 - 5) + -10 + 1
-8
4 - (-3 + 13 + -14 + 12)
-4
What is -20 - (11 - (6 - -21))?
-4
14 + 0 - 0 - (-17 - 8 - -30)
9
Calculate (-1 - 62) + (254 - 215).
-24
What is (34 - 7 - 10) + 0?
17
Evaluate (1 - (0 - -1)) + (4 + -17 - -5).
-8
-16 + -19 + 21 - -41
27
Evaluate (-2 - -2 - (-70 - -56)) + 4.
18
-3 + (2 - (5 - 6)) + -4
-4
Calculate 70 + -76 + (-2 - 3).
-11
4 + (0 - (-4 + -6) - 3 - 24)
-13
Evaluate -8 - (-5 + -3 + 12 + -4).
-8
What is -18 + 0 + (-11 - (-16 + -1))?
-12
Calculate 17 + -5 + 3 + -6.
9
Evaluate 10 + -8 + (-1 - (-4 - 0)).
5
What is (7 - 18 - -28) + 0?
17
What is (-31 + 1 - (-26 - -11)) + -11?
-26
Evaluate (2 - (6 - 0)) + (-15 - (-8 + -8)).
-3
Calculate 30 - (14 - -1) - (1 + -2).
16
What is the value of -6 + (4 - (5 - (-2 + 6)))?
-3
Evaluate -5 + (8 - (26 + (-4 + 3 - 6))).
-16
What is -27 + 27 + -2 + -4 + 12?
6
What is the value of (0 - (-2 - -9 - -11)) + -5?
-23
What is -1 - 3 - (13 - (8 - -2))?
-7
Calculate 304 + -336 + 14 + -1.
-19
Evaluate -18 + 52 + (7 + 0 + -14 - 4).
23
What is the value of (13 - (-6 + 15)) + 0?
4
What is 9 - (0 - (0 - (1 - 9) - 12))?
5
(-3 - (-22 + 10) - -7) + -13
3
4 + -8 + 12 + -4 - 7
-3
What is (-36 - 9) + 87 + -18?
24
Evaluate -29 + 36 + (-1 + -2 - -11 - -3).
18
-66 + -47 + 109 + -1 + 35
30
What is the value of 6 - 2 - (-16 + 29)?
-9
Evaluate -5 - -1 - (-18 + 27 + 1).
-14
(8 + (-18 - -5) - 4) + -10 + -6
-25
What is the value of 2 - (-2 + 2) - (5 + -1 - 3)?
1
What is (-3 - 8 - 2 - -12) + 6 + -8?
-3
(35 - 84 - -29) + -13
-33
Calculate 8 - (12 + -6 + -12) - (-1 - -10).
5
Calculate -1 + -25 + -123 + 147.
-2
What is the value of -35 + 40 + -8 + 1 + -20?
-22
What is the value of -2 - (0 + (0 + -3 + 4 - -1))?
-4
What is the value of -7 + (1 + 3 - (-50 + 61))?
-14
What is (-1 - 1) + 2 + (-34 + 36 - -24)?
26
Calculate 11 - 2 - (33 - (92 + -65)).
3
Calculate (-2 - -13) + (-207 - -220).
24
-16 + -7 - (-6 + -10) - (0 - 18)
11
What is the value of 3 + -13 - -2 - (-6 - -10 - -11)?
-23
113 + -127 + 17 + 1 - (14 + 2)
-12
Calculate -12 + 1 - ((6 - 0) + -9).
-8
-33 + 38 + 0 + -4 + -2 - -6
5
Calculate 40 + -51 + 28 + -2.
15
What is the value of -10 + (10 - (-2 + (9 - -1)))?
-8
What is the value of 37 + (31 + -69 - -27)?
26
What is the value of -12 + (6 - -1) + -10?
-15
Calculate (-13 - -8) + (6 - 8).
-7
What is the value of (0 + 0 + -2 - -1) + -43 + 50?
6
What is 26 + -23 + 33 + -35?
1
Evaluate -36 - (5 - 17) - -36.
12
-9 + 24 - 12 - -1
4
Evaluate (-5 - -2 - -13) + -20 - -5.
-5
What is 46 - 53 - (3 - (0 - 4)) - 2?
-16
1 + -2 + -4 + -394 + 399
0
Evaluate -13 + (-1 + -8 - (16 - (-20 - -43))).
-15
What is the value of -28 - (-19 + 20 - 18)?
-11
What is -17 - (-48 + 14 + -18)?
35
What is -5 - 4 - (-4 - 2) - (0 - -2)?
-5
What is -1 + 2 + (-6 + -16 - -27)?
6
What is 23 + -77 + 65 + (-1 - 27)?
-17
What is the value of 541 - 551 - (-2 - 0)?
-8
Evaluate -31 - (-9 + (-6 - (-15 - -4))).
-27
-9 + (3 + 9 - -1)
4
Calculate -39 - -22 - -14 - 2.
-5
What is 0 + (-11 - -6 - -2) - (-12 + -10)?
19
What is the value of (-13 - -2) + 9 + 10?
8
What is the value of 1 - -3 - (274 + -247)?
-23
Evaluate 15 + -11 + -10 - -1 - -5.
0
What is -1 + 1 + 8 - (-14 + 10)?
12
What is 16 - ((-84 - -72) + (18 - 1))?
11
What is the value of 10 + (1 - (6 + -2)) + -13?
-6
Calculate -12 + 19 + -2 - -8.
13
Evaluate (0 - (-3 - -8)) + (-2 - (6 + 6)).
-19
What is the value of 1 + -5 + 0 + (35 + -22 - 6)?
3
Calculate 46 - (-21 + 60 + 45).
-38
Calculate ((7 - 18) + -18 - -18) + (1 - -42).
32
What is 4 - -3 - (2 + 35 - 25)?
-5
55 - 73 - (-1 - 8)
-9
Evaluate 3 + -10 + -1 + -1 + 21.
12
What is the value of 14 + (57 - 22) + -77?
-28
What is the value of 0 - (2 - 12) - -12 - (-1 - -5)?
18
What is -6 - ((10 - 1) + -25)?
10
What is -4 + 7 + 7 - (9 + -10)?
11
What is the value of -6 - 13 - (8 + -8)?
-19
Calculate (4 - 18 - (-74 - -14)) + -6.
40
What is the value of 5 + 8 + -10 + -11?
-8
What is (-16 - (-51 - -28)) + -2 + 4 + 16?
25
What is 4 + (1 - ((-3 - (0 - 6)) + 5))?
-3
Evaluate 2 + 55 - (-216 + 244).
29
What is the value of (-34 - -37) + -1 + -1 + (-1 - -4)?
4
Evaluate 3 + -9 + -7 + 5 + (29 - 32).
-11
What is 26 - 7 - (0 + 4 - 9)?
24
What is the value of -8 - (9 + 15 + -2)?
